-571
In base 4, what is 333101 + 0?
333101
In base 9, what is 573 - 10?
563
In base 16, what is 3 + -228?
-225
In base 6, what is 2234 - 1?
2233
In base 12, what is a - 100?
-b2
In base 16, what is -46 + 41?
-5
In base 3, what is 0 - -12?
12
In base 2, what is -11010110 - -100?
-11010010
In base 7, what is 3 - 233?
-230
In base 11, what is 458 - -5?
462
In base 8, what is 5 + -2565?
-2560
In base 15, what is 3 + a9?
ac
In base 9, what is -13 + -26?
-40
In base 3, what is -12001 - 12?
-12020
In base 11, what is 3 - 13?
-10
In base 8, what is 12 - 16?
-4
In base 2, what is -11000 + 11000?
0
In base 6, what is 0 + -10?
-10
In base 5, what is -14 - -112?
43
In base 9, what is -105 + -163?
-268
In base 13, what is -9 + 89?
80
In base 13, what is b8 + 5?
c0
In base 4, what is 21202 - -11?
21213
In base 16, what is 120d - -5?
1212
In base 11, what is 5a70 - 1?
5a6a
In base 3, what is -1 - -2011201?
2011200
In base 16, what is 2 + -ab5?
-ab3
In base 16, what is 93 + -4?
8f
In base 2, what is 11000101111 - 0?
11000101111
In base 12, what is 19 + 9?
26
In base 9, what is 113 + 16?
130
In base 7, what is -2150 - -1?
-2146
In base 6, what is -5 - 420?
-425
In base 3, what is -200211120 - -11?
-200211102
In base 9, what is -17585 + 2?
-17583
In base 6, what is -50 + 51?
1
In base 11, what is -19 - 19?
-37
In base 5, what is -10300 - 2?
-10302
In base 14, what is 9 + -2bc?
-2b3
In base 14, what is -cd5 - -1?
-cd4
In base 12, what is -326 + -2?
-328
In base 8, what is -46511 + 3?
-46506
In base 10, what is 7099 + -4?
7095
In base 7, what is 156 + 15?
204
In base 15, what is -6c4 - e?
-6d3
In base 7, what is -12 + 36?
24
In base 14, what is 3 - 33?
-30
In base 12, what is 2895 - -2?
2897
In base 2, what is 11 + -1001011?
-1001000
In base 4, what is -20120313 - -10?
-20120303
In base 8, what is -3145 - 5?
-3152
In base 16, what is c1 + 2?
c3
In base 8, what is -20 + -1704?
-1724
In base 4, what is -2 - 210220?
-210222
In base 4, what is 123 - 130?
-1
In base 14, what is -34 - 69?
-9d
In base 14, what is 15 - -3d?
54
In base 11, what is 1 - 25?
-24
In base 9, what is -16 + 125?
108
In base 13, what is -2b4 - 3?
-2b7
In base 10, what is 0 - -45?
45
In base 2, what is 11100 - 11000?
100
In base 2, what is -1 + -10000?
-10001
In base 13, what is 3c2 - 2?
3c0
In base 10, what is 418 - 46?
372
In base 5, what is 1143 + 110?
1303
In base 9, what is -1 - -8026?
8025
In base 6, what is -130 - 250?
-420
In base 6, what is -13 + -123?
-140
In base 6, what is -4 + -2521?
-2525
In base 13, what is 2472 - 4?
246b
In base 12, what is 13 + -b3?
-a0
In base 9, what is -24583 + 2?
-24581
In base 9, what is -114 - -3?
-111
In base 8, what is -5547 - -2?
-5545
In base 16, what is 15 + 1f?
34
In base 9, what is -670 + 1?
-668
In base 16, what is 12 - -aa?
bc
In base 10, what is 4 + -61?
-57
In base 14, what is -13 - 2?
-15
In base 3, what is -11110 + -2200?
-21010
In base 9, what is -572 - 2?
-574
In base 5, what is -3 + 30040?
30032
In base 16, what is 14 - -4?
18
In base 11, what is -4 - 435?
-439
In base 11, what is 4 - 20?
-17
In base 16, what is -38 - -2f?
-9
In base 2, what is 11 - 11010001?
-11001110
In base 7, what is -153520 - 2?
-153522
In base 9, what is -160 + 235?
65
In base 7, what is 25 - -15?
43
In base 14, what is 2b - 1?
2a
In base 7, what is -3 + 1341?
1335
In base 13, what is 8 - 14b7?
-14ac
In base 15, what is 11 + -5?
b
In base 8, what is -5 - 101?
-106
In base 9, what is -7 + 26?
18
In base 2, what is -11 - -10000111100?
10000111001
In base 3, what is -2012 - -2101?
12
In base 6, what is -201522 - 0?
-201522
In base 4, what is -10 + 3132?
3122
In base 9, what is -4 - 815?
-820
In base 14, what is -70d + -1?
-710
In base 2, what is 110100001 + -101?
110011100
In base 14, what is -61 + -1?
-62
In base 6, what is 3 - -13311?
13314
In base 3, what is 101 - 1010?
-202
In base 5, what is 3 + 14441?
14444
In base 3, what is 21 + -1200?
-1102
In base 7, what is 1 - -223?
224
In base 3, what is 2211 - 12?
2122
In base 11, what is -57 + -1?
-58
In base 16, what is -574 - 5?
-579
In base 15, what is -a8 + -14?
-bc
In base 2, what is -1000111011 - 10?
-1000111101
In base 12, what is 4 + 4?
8
In base 2, what is -1 + 11111110?
11111101
In base 3, what is 1 + 1022?
1100
In base 7, what is -401 + -5?
-406
In base 7, what is -11 + 6?
-2
In base 13, what is -4 - 368?
-36c
In base 4, what is 110 + 320?
1030
In base 6, what is 21 + -212?
-151
In base 9, what is -1 - 8035?
-8036
In base 8, what is -20 + -24?
-44
In base 4, what is 300 - 12020?
-11120
In base 13, what is -310 + 11?
-2cc
In base 15, what is 152 - 5?
14c
In base 16, what is 6 - -46?
4c
In base 15, what is -4 - 6ab?
-6b0
In base 7, what is 2 - 4144?
-4142
In base 10, what is -6 + 21?
15
In base 11, what is 3a + 1?
40
In base 9, what is 2 - 28?
-26
In base 14, what is -c - -2?
-a
In base 4, what is 120 - 13?
101
In base 11, what is -148a - -3?
-1487
In base 14, what is -226 + 3?
-223
In base 10, what is -1 - 2883?
-2884
In base 13, what is 1b - 29c?
-281
In base 11, what is 3 + -6?
-3
In base 3, what is 2022 + 10102?
12201
In base 16, what is -47 + -4?
-4b
In base 10, what is 3068 - -1?
3069
In base 3, what is 0 - 12?
-12
In base 4, what is -1200 - -210?
-330
In base 16, what is -c6 - -4?
-c2
In base 12, what is -1b6b + 5?
-1b66
In base 11, what is 60 + 2?
62
In base 9, what is 0 + 585?
585
In base 6, what is 24 + -1032?
-1004
In base 7, what is -530 + -5?
-535
In base 10, what is -22 - 278?
-300
In base 2, what is -10000111 - -10?
-10000101
In base 6, what is 4 + -232?
-224
In base 5, what is -10 + -20431?
-20441
In base 15, what is -3cb + 1?
-3ca
In base 10, what is 5 + 75?
80
In base 2, what is -1000001000 - -11?
-1000000101
In base 14, what is 5 - -84c?
853
In base 6, what is 531 + -22?
505
In base 11, what is 0 - -105?
105
In base 11, what is 4 + 415?
419
In base 16, what is 2 - -16b?
16d
In base 16, what is 0 + -9cf?
-9cf
In base 16, what is 9f + -8?
97
In base 10, what is -116 - 75?
-191
In base 15, what is -16 + 9?
-c
In base 12, what is -46 + -89?
-113
In base 9, what is -16 + -41?
-57
In base 8, what is 220 - -14?
234
In base 9, what is -45 + -127?
-173
In base 4, what is 3 + 2331?
3000
In base 16, what is -7 - -1cc?
1c5
In base 13, what is -10295 + -4?
-10299
In base 8, what is 7 + -5?
2
In base 7, what is 46 + 123?
202
In base 10, what is -124 + 27?
-97
In base 6, what is -20 - -2?
-14
In base 13, what is -6 + 591?
588
In base 10, what is -42 - -4?
-38
In base 15, what is -3d7 + -1?
-3d8
In base 3, what is -10 + 121010?
121000
In base 6, what is 4000 + 21?
4021
In base 16, what is -79 + 4?
-75
In base 9, what is 5071 + -5?
5065
In base 10, what is 1134 + 4?
1138
In base 5, what is 3 - 11013?
-11010
In base 13, what is -336 + 4?
-332
In base 15, what is 15 - -37?
4c
In base 4, what is 10 + 22130?
22200
In base 11, what is -16 + 37?
21
In base 10, what is -29 + -6?
-35
In base 13, what is -90 - -14?
-79
In base 2, what is -1000000001 - -10?
-111111111
In base 2, what is -1101 - 101001?
-110110
In base 10, what is -2 - 67?
-69
In base 10, what is 27 - 150?
-123
In base 16, what is -1 - 3e?
-3f
In base 9, what is -3 - -304?
301
In base 2, what is 1100111111110 - 10?
1100111111100
In base 13, what is 6687 + 5?
668c
In base 14, what is 104 + 4?
108
In base 5, what is 211 + -3?
203
In base 11, what is -784 + 4?
-780
In base 14, what is -1 - -74?
73
In base 7, what is -36 - 15?
-54
In base 6, what is -141 - 1404?
-1545
In base 2, what is -1010010 - 1101?
-1011111
In base 8, what is -6 - 13?
-21
In base 3, what is 2 - -11002111?
11002120
In base 13, what is -5 + 73?
6b
In base 2, what is 11100 + -100100?
-1000
In base 11, what is 6 - 1476?
-1470
In base 15, what is 3 - 4c1?
-4bd
In base 15, what is -387 - -4?
-383
In base 3, what is -1201 - -2?
-1122
In base 5, what is 2042 - -2?
2044
In base 6, what is -2104 - -3?
-2101
In base 5, what is -3 - -3244?
3241
In base 3, what is 12110020 - -12?
12110102
In base 6, what is -5521 - -1?
-5520
In base 2, what is 111 - -1100110?
1101101
In base 16, what is -10 - f?
-1f
In base 10, what is -146 + -3?
-149
In base 8, what is -14 - 33?
-47
In base 15, what is 2 + -a?
-8
In base 10, what is -696 - 2?
-698
In base 5, what is 13111 + -1?
13110
In base 8, what is 0 + -416?
-